w?
13
Let l(v) = v**2 - 5*v + 7. List the prime factors of l(6).
13
Let m(i) = i**2 + 6*i + 12. Let h be m(-5). Suppose 4*s - 139 = -h. What are the prime factors of s?
3, 11
Let o be 1/2*(34 + -2). Suppose -4*i + 28 = -11*i. List the prime factors of (o/6)/(i/(-12)).
2
Suppose 4*v = 2*p + 15 + 29, -5*p = -10. Let k = -6 + v. What are the prime factors of k?
2, 3
Let k(x) be the second derivative of -x**5/20 + 5*x**4/6 - 7*x**3/6 + 4*x**2 - 2*x. What are the prime factors of k(9)?
2, 13
Let u = -58 - -107. Suppose -5*q - g = -u - 1, -4*q + 40 = 4*g. List the prime factors of q.
2, 5
Suppose -m = 3*m - 20. Suppose -5*x - 54 = -j, 5*j - m*x - 140 = -6*x. What are the prime factors of j?
29
Let w(s) = -9*s**3 - s**2 + 3*s + 1. List the prime factors of w(-2).
3, 7
Suppose 24 = -5*w + 2*h + 4, -w + 4*h - 4 = 0. Let p(y) = 2*y**2 + 6*y. What are the prime factors of p(w)?
2
Let i = -62 - -70. What are the prime factors of i?
2
Let g be 80/14 + 4/14. Let l(i) = -i**3 - 4*i**2 - 4*i + 5. Let r be l(-4). Suppose -2*v - f + r = 0, 2*v - g*v = 4*f - 52. List the prime factors of v.
2
Suppose 0 = -2*r - 2*r - 272. What are the prime factors of (-1)/3 + r/(-6)?
11
Let l be 35/(-10)*8/(-14). What are the prime factors of (-11)/(l*(-1)/2)?
11
Let v(q) = q**2 - 6*q - 30. List the prime factors of v(-8).
2, 41
Let u(m) = m**3 + 7*m**2 - m - 4. Let p be u(-7). Suppose 130 = 5*k + p*j, 2*j = 5*k - 2*j - 130. What are the prime factors of k?
2, 13
Suppose -67 - 68 = -5*q. What are the prime factors of q?
3
Let g be ((-6)/(-4))/(6/56). Let n(i) = i**3 - 15*i**2 + 15*i + 9. What are the prime factors of n(g)?
23
Suppose -3*c = 2*b - 15 - 3, -4*c + 2*b = -10. Let g(t) = t**2 + 4*t + 3. Let l be g(-3). Suppose l = f - 12 + c. What are the prime factors of f?
2
Suppose -y + 20 = 7. List the prime factors of y.
13
Let y = 70 + -53. List the prime factors of y.
17
Suppose -5*k = -8*k. Let f(g) = g**2 - 4*g - 7. Let t(w) = w + 1. Let y(v) = -f(v) - 3*t(v). What are the prime factors of y(k)?
2
Suppose 5*g = 138 + 137. What are the prime factors of g?
5, 11
Let s = 137 + 50. What are the prime factors of s?
11, 17
Let o be 3/((-9)/(-3)) - 15. List the prime factors of o*2/(-2) + -2.
2, 3
Let z(c) = -c + 1. Let o(b) = 4*b - 1. Let i(s) = -o(s) - 3*z(s). Let g be i(-6). Suppose 11 = y + g*k, -k - 22 = -2*y - 2*k. What are the prime factors of y?
11
Suppose 3*g + 2 = -7. Let c be g/(-1)*78/9. Let n = 36 - c. What are the prime factors of n?
2, 5
Let r = 9 + -5. Let j be 14/r*(-8)/4. Let c = j + 19. List the prime factors of c.
2, 3
Let x(s) = 11*s + 7. List the prime factors of x(4).
3, 17
Let q be (3/(-2))/((-9)/24). Let b be (-16)/(-10) - 4/(-10). Suppose b*y = q*y - 16. What are the prime factors of y?
2
Let g(b) = -b**3 - b**2 + 4*b + 6. Let f be g(-4). What are the prime factors of (1 + f)*3/9?
13
Suppose -2*b = 235 + 31. List the prime factors of b/(-9) - (-4)/18.
3, 5
Let m = 19 + 2. List the prime factors of m.
3, 7
Let h(r) = r - 4. Let l be h(6). Suppose 9 = m + l. List the prime factors of m.
7
Suppose 3*l - 7*l = -3*a + 11, -a = 5*l + 28. Let t be ((-4)/2)/(a/9). Suppose -w = -1 - t. List the prime factors of w.
7
Suppose -2*p - 2 = -p, 3*z - 43 = 5*p. List the prime factors of z.
11
Let u(b) = b**3 - 6*b**2 - 8*b - 7. List the prime factors of u(8).
3, 19
Let c be (2/(-2))/((-4)/148). Let l = c + -19. List the prime factors of l.
2, 3
What are the prime factors of (-18)/(-2) - (-3 - -6)?
2, 3
Suppose 61 = 4*g - 187. Suppose -8 = -4*c, c - g = i + i. List the prime factors of 4/i - 186/(-45).
2
Suppose 4*j - l = 155, 0*l + 210 = 5*j + 2*l. What are the prime factors of j?
2, 5
Let s be 0 - 2*12/(-8). Suppose s*x - 6*x + 33 = 0. List the prime factors of x.
11
What are the prime factors of (-44)/(-4) - 2 - 0?
3
Suppose 2 + 40 = j - 2*q, 0 = -3*j - 4*q + 146. What are the prime factors of j?
2, 23
Let k be (-2 + 4)*1 + 23. Suppose k + 11 = 4*r. Suppose -2*q - 3 = u, -q = -u + q + r. List the prime factors of u.
3
Suppose -3*g + 5*z = -g + 7, 3*g - 2*z + 16 = 0. Let f = g + 10. What are the prime factors of f?
2
Let q = 32 + 24. List the prime factors of q.
2, 7
Suppose 3*d - 174 = -3*t, t + d = -3*t + 244. List the prime factors of t.
2, 31
Let s(m) = -m + 1. Let z be s(-4). Suppose 0 = 2*q - 0*q - a - 37, 0 = -z*q + 5*a + 100. What are the prime factors of q?
17
Suppose 4*u - 5*x = -165, 5 = 3*x - 10. Let y = -22 - u. What are the prime factors of y?
13
Let r(y) = -y**3 + 5*y**2 + y. Let c be r(5). Suppose 0 = -c*n + 2*f + 24, -26 = -0*n - 5*n + 3*f. Let j = n + -2. List the prime factors of j.
2
Let y = 1 + -2. Let z be (-30)/(-12)*(-2)/y. Suppose 5*l - z*j = -0*j + 55, -2*l - 4*j + 46 = 0. What are the prime factors of l?
3, 5
Let a(s) = s**2 - 2*s - 6. What are the prime factors of a(-3)?
3
Let c = -7 - -3. List the prime factors of (14/4)/(c/(-8)).
7
Let f(a) = a**3 - a**2 + a + 19. What are the prime factors of f(0)?
19
Let m(n) be the first derivative of 4*n**3/3 - 2*n**2 + 3*n + 3. Suppose -v + 2*z + 10 = 0, -2*z - 6 = v - 0*z. What are the prime factors of m(v)?
11
Suppose 35 + 119 = -4*c - 3*a, -88 = 2*c - 4*a. List the prime factors of c/(-5) + 4*1.
2, 3
Let x = -9 + 11. Suppose -x = -2*p + 8. Suppose 3*n + 5*g = 32, 3*g = -p*n + 57 - 9. What are the prime factors of n?
3
Let a = -21 - -41. Suppose a = i + 3. What are the prime factors of i?
17
Let p(h) = h**2 + 4*h + 11. List the prime factors of p(-6).
23
Let l = 132 + -63. What are the prime factors of l?
3, 23
Suppose 0 = 2*h - 156 - 68. List the prime factors of h.
2, 7
Let c be (-14)/(-4*2/(-12)). Let r be (-2)/(-3) - 154/c. Suppose -40 - r = -3*g. What are the prime factors of g?
2
Let f(c) = 2*c + 3. Let n be f(9). What are the prime factors of (-5 - -8) + 1 + n?
5
Let n be (-1)/(-2)*2*2. Let x be (-20)/(-6) - 6/18. What are the prime factors of -1 + x + n - 0?
2
Let t(f) = -f**3 - 7*f**2 - 2*f. Let b be t(-7). Let d = -10 + b. Suppose -3*o + d*o = v + 5, -2*o + 14 = -v. What are the prime factors of o?
3
Let f = -6 - -10. Let x(s) = 2*s**2 + s + 7. List the prime factors of x(f).
43
Suppose 0 = 6*f - 2*f. Suppose -4*i + 18 = 3*m - 5*i, f = -5*i + 15. List the prime factors of m.
7
Let t be (-18)/(-63) - (-5)/7. Let o be (t - 3)/(14/(-21)). Let n = 6 - o. What are the prime factors of n?
3
Let n(s) = -s**3 - 4*s**2 - 2*s - 1. Let k = 5 - 8. Let y be n(k). What are the prime factors of (1 + y)/(6/(-4))?
2
Suppose 0 = 2*s - 4, 2*s = -3*p + 3*s + 97. What are the prime factors of p?
3, 11
Let u = -2 + 0. Suppose -1 = x + 6. Let v = u - x. List the prime factors of v.
5
Let p be 2/(-3)*582/4. Let i = p - 74. List the prime factors of 2/3*i/(-6).
19
Let d be (-3 + 4)*(3 - 0). Let p be (-61 - 2)*(-2)/d. Suppose 4*x - p - 6 = 0. List the prime factors of x.
2, 3
Let g = -1 + 10. Let z = g - -1. What are the prime factors of z?
2, 5
Let v = 105 + 209. What are the prime factors of v?
2, 157
Suppose 545 - 137 = 4*r. What are the prime factors of r?
2, 3, 17
Let l be (-1 + -16)*(3 + -2). Suppose -58 = 2*c + 2*p, 5*c - 3*p + 124 = -p. Let q = l - c. List the prime factors of q.
3
Suppose -2*i - 1634 = -5*g, 3*i + 1314 = 4*g - 2*i. Suppose -g = -3*c - 4*q, c - 101 + 4 = q. What are the prime factors of c/5 + (-2)/5?
2, 5
Suppose 4*s = 11 + 5. Suppose -s*h = h. Suppose h = -3*m - l + 24, -2*l - 11 + 51 = 5*m. List the prime factors of m.
2
Suppose -4*f = -2*f - 844. List the prime factors of f.
2, 211
Suppose 2 = o - 1. Suppose 0 = -2*h + o*h - 26. List the prime factors of h/2*(0 - -1).
13
Let j be ((-8)/(-6))/((-10)/(-90)). Suppose 2*g + j = 2*r, 4*g + 16 = 3*r - 0*g. What are the prime factors of r?
2
Let t be 4 + (-3 - 4/(-1)). List the prime factors of 35/28*(-1 + t).
5
Let q(f) = f**2 - 7*f - 5. Let a be q(8). Suppose -o + a*o - 6 = 0. List the prime factors of o.
3
Let u = 9 - 7. Suppose u*q = 6*q - 36. List the prime factors of q.
3
Let d = 238 - 169. List the prime factors of d.
3, 23
Let b(o) be the third derivative of -o**4/12 - 5*o**3/6 + 2*o**2. Let u be b(5). What are the prime factors of (-27)/u*-1*-5?
3
Let c(q) = 2*q - 6. Let k be c(7). Suppose -2 = 4*i - 5*i, -4*d + 2*i - 132 = 0. List the prime factors of k/(-28) - d/14.
2
Let n be 2 - 0/3 - -2. Suppose 2*p - 2*l + 4 = 0, 5*l = 3*p + 